rime factors of l?
211
Suppose -55 = -g + 93. List the prime factors of g.
2, 37
What are the prime factors of ((-1)/2)/((-1)/26)?
13
Let g(a) = 0*a - 3*a**2 + 4*a**2 + a**3 - 2*a + 3 - 2. Let r = 2 - 0. List the prime factors of g(r).
3
Suppose -5*k + 25 = 3*a, 0*k - 3*k + 15 = -5*a. What are the prime factors of k?
5
Let p(g) = g**2 + 6*g. Let a be p(-3). Suppose 4*m = m - 4*c - 6, 0 = -3*m + 2*c - 6. List the prime factors of a*(-3 + m/(-1)).
3
Let i = 19 + -13. Let h be (-2)/i - 49/(-21). What are the prime factors of h*((-14)/(-4) - 0)?
7
Suppose -5*f + 52 - 12 = 0. List the prime factors of 2/8 + 14/f.
2
Suppose -4*i = -w + 256, -3*w = 3*i - 0*i - 723. List the prime factors of w/16 - (-1)/(-4).
3, 5
Suppose -3*a + 10 = 2*a. Let u be a/(-4) + 10/4. Suppose -16 - u = -2*b. List the prime factors of b.
3
Suppose -60 = -2*w - 3*w. Suppose -4*z + 5*h = -44, z - 3*h - 6 = w. Suppose -2*q + 4*a = -22, -q = -z*q - 2*a + 91. List the prime factors of q.
17
Suppose -7 = -5*h + 4*r, -2*h + 1 = 2*r - 3*r. Let s(d) = 12*d**3 - 2*d**2 - d. Let n be s(h). Let k = 21 + n. List the prime factors of k.
2
Let i = -1 - 0. Let u be -11 - i/(-3)*3. Let f = u + 22. List the prime factors of f.
2, 5
Let i = -22 - -48. Let v = 6 + i. List the prime factors of v.
2
Suppose 2*z = 3*z - 4. Suppose j - 2*p = 43, -3*p = -z*j + 2*p + 184. Suppose 0*h + j = 3*h. List the prime factors of h.
17
Let p = -30 - -192. List the prime factors of p.
2, 3
Let n(b) = -b + 28. What are the prime factors of n(11)?
17
Let z(q) = -3*q**3 + q**2 - 3*q + 2. Let v(h) = -7*h**3 + 2*h**2 - 6*h + 5. Let i(u) = 4*v(u) - 9*z(u). Let b = 4 - 7. What are the prime factors of i(b)?
11
Suppose -8 = 2*n - 26. List the prime factors of n.
3
Let i(q) be the second derivative of -2*q**3/3 - q**2 - 3*q. What are the prime factors of i(-2)?
2, 3
Suppose 9*r = 173 + 1042. List the prime factors of r.
3, 5
Let l(z) = -z**3 + 7*z**2 - 2*z + 3. What are the prime factors of l(6)?
3
Let v = 20 + -33. Let o = 2 - v. List the prime factors of o.
3, 5
Let r(n) = 2*n - 10. Let t(j) = j + 1. Let z(v) = -r(v) + 3*t(v). What are the prime factors of z(9)?
2, 11
Let f be -2 + -2 + (-3 - -3). Let w = 1 - f. What are the prime factors of w?
5
Let x be (-41)/2*-6 + -2. What are the prime factors of 2563/x - (-2)/(-11)?
3, 7
Let b = -78 - -39. Let t = -12 - b. What are the prime factors of t?
3
Suppose 0 = -7*g - 24 + 815. What are the prime factors of g?
113
Suppose 3 = k + 1. Suppose k*y = 26 + 16. List the prime factors of y.
3, 7
Suppose 46 = p + 4*x, -3*x + 33 + 11 = p. What are the prime factors of p?
2, 19
What are the prime factors of 129 + (-1 + 2 - 4)?
2, 3, 7
Let s(b) = 9*b**2 - b. Let a be (21/14)/((-6)/(-8)). Suppose -3*c = -a - 1. List the prime factors of s(c).
2
Let d(h) = -3*h + 1. Let m be 3/((-9)/6) + -2. List the prime factors of d(m).
13
List the prime factors of 36 + -4 - (-1 - -2).
31
Suppose h - 5 = 2. What are the prime factors of h?
7
Suppose -5*b = -4*a + 180, 4*a - 158 = a - 2*b. Let i = 79 - a. List the prime factors of i.
29
Suppose -3*r - 2*q + 634 = -3*q, -2*q = 2. List the prime factors of r.
211
Suppose -5*y = -2*y - 12. Suppose 0 = -r - y*r - 45. What are the prime factors of (3/r)/((-1)/33)?
11
Let z(j) = -j**3 + j - 2. Let h be z(-2). Suppose -q - h*q + 35 = 0. List the prime factors of q.
7
Let o = -17 + 40. List the prime factors of o.
23
Suppose -2*y + 3*w = -0*w - 100, -y = -4*w - 60. Suppose -2*h = -5*x - 43, -y = -2*h - 3*x + 7. What are the prime factors of h?
2, 3
Let b(r) = -r**2 - 5*r - 3. Let v be b(-3). Suppose -m - v*w = -19, 2*w - 4*w = 4*m - 26. List the prime factors of m.
2
Let q(i) = -2*i**3 - 8*i**2 + 7*i - 2. List the prime factors of q(-7).
3
Let p = 85 - 59. List the prime factors of p.
2, 13
Suppose 2*o - 4*s + 4 = -14, 23 = 3*o + 4*s. Let f = o + -1. What are the prime factors of (0 - -18)/(f - -2)?
3
Let q = -13 - -10. Let t(f) = f**2 - 2*f + 3. Let m be t(q). Let w = -6 + m. List the prime factors of w.
2, 3
Suppose -3*p + 12 = -0*p. Let t = 18 - p. What are the prime factors of t?
2, 7
Let j be (-5)/(-2)*(-4)/(-5). Suppose 52 = 6*w - j*w. What are the prime factors of w?
13
Let v be 2 - 1 - (-106)/2. Let i = v - 28. Suppose -g = -5*d - 21, -2*g - 2*d - i = -4*g. List the prime factors of g.
11
Suppose 5*s + 3*r + 21 = r, 3*r = -3*s - 18. Let h be ((-9)/3 - s)/(-1). What are the prime factors of (h - -10) + 2 + -5?
7
Let m = -557 + 812. List the prime factors of m.
3, 5, 17
Let i(f) = 4*f + 1. Suppose 0 = 3*k + 4*w + 5 + 6, 0 = -2*k + 4*w + 6. Let v be 2 + 0 + k + 0. What are the prime factors of i(v)?
5
List the prime factors of 40/15*222/8.
2, 37
Suppose 2*m + 3*m - 10 = 0. Suppose -19 = -3*c + w, 0*w = 3*c + m*w - 7. Suppose -q - 8 = -c*q. List the prime factors of q.
2
Let b(y) = -y**3 - 11*y**2 - 12*y - 1. What are the prime factors of b(-10)?
19
Suppose -4*a = 8, -2*x + 2*a = -31 - 25. What are the prime factors of x?
2, 13
Let d(s) = -s**3 - 6*s**2 - 8*s - 5. What are the prime factors of d(-5)?
2, 5
Let y(k) = -k**2 - 3*k + 3. Let i be y(-3). Suppose 4 = 2*g - 3*n, 4*g - i*n = 29 - 9. List the prime factors of g.
2
Let i(u) = u**3 - 4*u**2 + 5*u - 2. Suppose -7*k = -3*k - 12. Let a be i(k). Suppose -10 = -a*v + 6. What are the prime factors of v?
2
Suppose -4*y - 9 + 102 = l, 5*y = 5*l - 365. Suppose 4*d - 117 = -5*o, -d = 3*o - 2*d - l. What are the prime factors of (o/(-10))/(2/(-16))?
2, 5
Suppose 4*s + 4 = 8. List the prime factors of (-152)/(-12) + s/3.
13
Let a be 2 - (3/(-1) - -2). Suppose h + 5 - a = 0. What are the prime factors of (-3)/h - 3/(-6)?
2
Let h = 19 - 27. Let l = h + 23. List the prime factors of l.
3, 5
Suppose -4*b = 3*h - 30, b = -3*b + 2*h + 20. Let o(c) be the first derivative of -c**4/4 + 2*c**3 + c**2/2 + 3*c - 7. List the prime factors of o(b).
3
Let p(c) = -c**2 + 17*c - 21. List the prime factors of p(15).
3
Suppose -2*p - 174 = -3*d - p, -5*d + 2*p = -291. What are the prime factors of d?
3, 19
Suppose 5*i - 9 = 6. Suppose 0 = -4*g + i*g + 2. What are the prime factors of g?
2
Let q = -26 - -18. Let f = q + 7. List the prime factors of (f + 0 + 0)*-16.
2
Let s be (0*(-1 + 0))/(-2). Suppose s = -4*k - 0 + 4. Suppose n - 2*w + k = -4*w, 17 = 4*n + w. List the prime factors of n.
5
Let j = -9 + 12. What are the prime factors of j?
3
Let m be (-19)/5 - 2/10. Let s be 1*m*(-40)/(-32). List the prime factors of ((-24)/30)/(1/s).
2
Let q be -8 - 1*-2 - -1. Let v(z) = z**2 + 2*z. What are the prime factors of v(q)?
3, 5
Let c(w) = 2*w - 6*w**2 + 10*w**2 - w. Let i be c(-1). Suppose -3*j - 80 = -5*o, 2*o - 21 = -i*j + 2*j. List the prime factors of o.
13
Suppose 0 = 4*l + 2*z - 758, 0 = l - 3*z + 8*z - 203. What are the prime factors of l?
2, 47
Suppose 0 = u - 5*u + 16. Let f = u + -4. Suppose -5*r + 30 = -f*r. List the prime factors of r.
2, 3
Suppose 6 = 5*g - 4, 2*g = -3*o + 16. Let z(i) = i**3 - 3*i**2 + 2*i + 2. List the prime factors of z(o).
2, 13
Suppose -5*v = -87 + 7. Let u = 32 - v. List the prime factors of u.
2
Let i(r) = -r**2 - r + 34. What are the prime factors of i(0)?
2, 17
Let v(w) = -w**3 - 9*w**2 - w - 1. Let h be 0*3/9 - -5. Suppose 2*j - h*j + 4*l - 19 = 0, 2*j + 4*l = -26. What are the prime factors of v(j)?
2
Suppose 2*o = 11 - 1. Suppose 0*t = -o*t. List the prime factors of (5 - (-1 + t))/2.
3
Suppose 0 = -3*j + 5*z + 45 + 84, 4*j = -5*z + 172. List the prime factors of j.
43
Suppose 2*y = 5*k - 6, -4*k - 2*y + 6 = -3*y. What are the prime factors of 4/(-3)*(-1 - k)?
2
Let k be 10/(-1*(-1 - 1)). Suppose 33 = 2*l + k*a, 3*l - 4*a = -a - 3. List the prime factors of (-19)/(-3) + l/6.
7
Suppose q = -2, -2*q + 0*q + 176 = 3*i. List the prime factors of i.
2, 3, 5
Suppose 16 = 4*d - 76. What are the prime factors of d?
23
Suppose 0*q = 3*q - 84. What are the prime factors of q?
2, 7
Suppose 11 + 1 = 3*r. What are the prime factors of r?
2
Let k = 95 - 50. Suppose -2*i = -47 - k. Suppose -3*v - 2*v + 3*q = -56, 4*v - 2*q = i. List the prime factors of v.
13
Let s(g) = g**3 - 6*g**2 - 10*g + 13. List the prime factors of s(9).
2, 83
Let d = -17 + 44. Let r = d + -3. What are the prime factors of r?
2, 3
List the prime factors of (6/(-5))/(352/(-70) + 5).
2, 3, 7
Let g(s) = -s**2 - 7*s + 6. Suppose 